2 - 2*j - 7. Let w be p(-8). Let h = w - 5. Calculate the remainder when t(-3) is divided by h.
3
What is the remainder when 2739/3 + (-4 - -3)*(13 - 10) is divided by 231?
217
What is the remainder when 103 is divided by 3/9*(17 - -286)?
2
Suppose -329 + 45 = -27*t + 40. Calculate the remainder when 1965 is divided by t.
9
Let p = -2483 - -2516. Calculate the remainder when 2474 is divided by p.
32
Suppose -4 - 2 = -3*j. Let l(q) = 10*q**2 - 4*q + 3. What is the remainder when ((-34515)/(-169) - 60/260)/((-6)/(-4)) is divided by l(j)?
31
Suppose 105*c - 34689 - 71224 = 41822. What is the remainder when c is divided by 11?
10
Suppose -5*n + 8 = z - 5*z, 0 = -3*z - 5*n + 29. Let j = 3 + z. What is the remainder when 213 is divided by (172/6)/(5/45*j)?
41
Suppose 6*y - 9*y = -156. Let q(x) = -3*x - 18*x**2 - x - 23*x**2 + y*x**2 - 3. What is the remainder when q(-1) is divided by 1?
0
Let d(u) = -2*u**2 + 33*u + 97. Let s be d(19). Suppose 5*q + 236 = v, s*v - 3*q - 514 = -7*q. What is the remainder when v is divided by 86?
79
Let k = 165 + 238. Suppose -4*u - 3*l = -217, -3*l = -4*u + 269 - 22. What is the remainder when k is divided by u?
55
Let a be (2 + 2)/(-4) - -3. Suppose 5*p - 524 = 3*i, -a*p + 312 = p - 3*i. Calculate the remainder when p is divided by (3 - 120/25)*-15.
25
Suppose 4*d - 19*d = 915. Suppose 225 = z + 2*z. Let v = d + z. What is the remainder when 22 is divided by v?
8
Suppose -3177 = -3*s + 3*o, 0 = -2*s - 15*o + 16*o + 2119. What is the remainder when s is divided by 208?
20
Let r(l) = -14*l + 7. Let o(v) be the second derivative of 3*v**4/2 - 6*v**3 - 7*v**2/2 + 34*v + 1. Calculate the remainder when r(-6) is divided by o(3).
44
What is the remainder when 2926/10 + 27/(-45)*1 is divided by 86?
34
Let r = -3016 - -3031. What is the remainder when 973 is divided by r?
13
Let a = 8578 - 8565. What is the remainder when 2030 is divided by a?
2
Suppose -414 = -6*q - 0*q. Let y = -205 + 223. Calculate the remainder when q is divided by y.
15
Suppose 0*h + 2*h = 8. Let s be 5*3*10/75. Suppose s*m = -v + 25, -2*v = -9*m + 7*m + 40. Calculate the remainder when m is divided by h.
3
Suppose 1 = 3*b - 14. Suppose 0 = b*k + 10, 0*h = 3*h + 2*k - 53. Suppose -5*w = -h - 151. What is the remainder when w is divided by 9?
7
Let u(a) = 3*a + 12. Suppose -2*o - 2*x = -20, 2*o - 2*x = -0*o + 20. Let d be u(o). Suppose 0 = 5*s + s - d. What is the remainder when 41 is divided by s?
6
Suppose 2*f - f = 0, -f = 4*m - 20. Suppose -5*o = -5*y + 5, 209*y = -5*o + 207*y + 9. What is the remainder when m is divided by o?
0
Let g(q) = 4*q**2 + 38*q - 1511. Let v(h) = -20*h - 9. Calculate the remainder when v(-7) is divided by g(-25).
14
Let z(d) = -6*d - 39. Let p be (-2 - (-1 + 2))*3 + 3. Let s be z(p). What is the remainder when 80 + (234/65 - s/(-5)) is divided by 42?
41
Let j = 55 - 38. Suppose 0 = 3*k, 2*p + 6*k - 262 = -7*k. Calculate the remainder when p is divided by j.
12
Let w(u) be the first derivative of u**5/40 - 13*u**3/3 + 33. Let q(i) be the third derivative of w(i). What is the remainder when 53 is divided by q(6)?
17
Suppose -2*u + 365 = -t, -u - 4*t + 24 = -118. What is the remainder when 1973 is divided by u?
15
Let s(k) = k**2 + 3*k - 1. Suppose 0 = -2*z + 112 + 42. Suppose -z = -23*y + 84. Calculate the remainder when s(-5) is divided by y.
2
Suppose 3*k + 5*a = 19, 5*a - 10 = -4*k + 12. Let v be k - (-1655)/45 - 2/(-9). Let x = -23 + v. Calculate the remainder when 31 is divided by x.
14
Let k(z) = 10977*z + 6. Suppose -3*a + 4*c + 0*c = -248, 2*c - 236 = -3*a. What is the remainder when a is divided by k(0)?
2
Suppose -4*m = -v - 85, -51 = -2*m - v - 10. Calculate the remainder when m is divided by 1*10/3*12/10.
1
Let j(s) be the first derivative of -s**3/3 - 9*s**2/2 - 2. Let f = 24743 + -24732. What is the remainder when j(-6) is divided by f?
7
Suppose -2*w - 270 = 28*n - 31*n, -3*w = -4*n + 360. Calculate the remainder when 987 is divided by n.
87
Let y(s) be the third derivative of 7*s**4/8 - 31*s**3/6 + 2*s**2 + 7. Calculate the remainder when 157 is divided by y(3).
29
Let i = 30280 + -30146. What is the remainder when 1221 is divided by i?
15
Let y(z) = 7*z**2 - 90*z - 13. Let v be y(13). Suppose v*n + 5*n = 225. Calculate the remainder when n is divided by 20.
5
Suppose 0 = -3*l + 63*c - 58*c + 26, 3*l - 2*c = 50. Suppose 312 = 4*q + 4*u, 3*u + u - 233 = -3*q. What is the remainder when q is divided by l?
13
Suppose -16 = -9*x + 11. Suppose 5*a = 2*a - 4*u - 3, 0 = -x*u - 9. Suppose -3*m + 5*m - 22 = 4*g, 49 = a*m - 2*g. What is the remainder when m is divided by 5?
4
Suppose -2*q + 45*v - 46*v + 1368 = 0, -v = -2*q + 1364. What is the remainder when q is divided by 168?
11
Let y = 445 + -631. Let s = -102 - y. Calculate the remainder when s is divided by 11.
7
Let o(t) = -4*t - 127. Let m be o(-36). Suppose -w = -m*w + 432. What is the remainder when w is divided by 12?
3
Calculate the remainder when (-27)/(-63)*(-2 + 9) - -889 is divided by 16.
12
Suppose -3*l = -3*z - 972, -6*l + 5*l + 3*z = -320. What is the remainder when l is divided by (3 + -3)/(-1) - -47?
44
Let o be (60/(-16))/(-2 + (-26)/(-16)). Suppose -o*j + 8*j = -292. Calculate the remainder when j is divided by 6.
2
Let h = 290 + -198. What is the remainder when 1294 is divided by h?
6
Let y(n) = -2*n**2 + 4*n - 19. Let u(p) = p**2 + 1. Let x(w) = -3*u(w) - y(w). Let m be x(-5). Let g = m + -2. Calculate the remainder when 79 is divided by g.
7
Let j(f) = 3*f**2 + 27*f + 244. What is the remainder when j(-13) is divided by 72?
40
Let b(v) be the first derivative of 2*v**3/3 + 75*v**2/2 - 22*v + 50. What is the remainder when 55 is divided by b(-38)?
7
Suppose -3*i - i + 2*x + 8 = 0, 5*i + 5*x - 40 = 0. Suppose u + 4*j = i*u - 89, -13 = -u - 2*j. Calculate the remainder when 85 is divided by u.
16
Let h = 78 - 74. Calculate the remainder when 199 is divided by -1 + 39*h/6.
24
Let m(v) = v**3 + 56*v**2 + 415*v - 349. Calculate the remainder when 226 is divided by m(-47).
10
Suppose -2*m - 3*m = -145. Suppose -t = -0*t + 4, 0 = -6*r - 4*t + 3392. Let o = r + -484. Calculate the remainder when o is divided by m.
26
Let b be 0 - (-1 - (5 - 17)). Let v = 13 - 8. What is the remainder when (-56)/308 + (-145)/b is divided by v?
3
What is the remainder when ((-2)/50*-194395)/((-3)/(-15)) is divided by 180?
179
Suppose 14*v + 121 = 457. What is the remainder when 2649 is divided by v?
9
Let g = 83 + -117. Let x = 83 + g. Let p = 106 - x. What is the remainder when p is divided by 12?
9
Let b = 6115 + -5821. What is the remainder when b is divided by 126?
42
Let a(n) = 181*n - 388. Let d(b) = 44*b - 97. Let f(y) = 2*a(y) - 9*d(y). What is the remainder when f(0) is divided by 25?
22
Suppose -4*k + 3*g - 926 = 0, 5*k - 4*g - 241 = 6*k. Let q = -223 - k. Calculate the remainder when 177 is divided by q.
7
Suppose -v + 5*d + 47 = -5*v, 2*d - 10 = 0. Let u = 24 + v. What is the remainder when 7*8 - (-16 - -14) is divided by u?
4
Let g = 10 + -12. Let k(i) = 5*i**2 - 4*i. Calculate the remainder when k(g) is divided by 9.
1
Let i(j) = -122*j. Let z = 0 + -1. Let c = -104731 + 104756. Calculate the remainder when i(z) is divided by c.
22
Suppose 0 = 13100*i - 13088*i - 2352. Calculate the remainder when i is divided by 45.
16
Suppose -99*s + 2856 = -43*s. Let z = 154 + 151. What is the remainder when z is divided by s?
50
Let h be (8/(-6))/((-2)/(-12)). Calculate the remainder when -16*(0 - -9)*(-1)/3 is divided by 2/h - (-246)/24.
8
Suppose 6*a - 4660 = -74*a - 1300. Calculate the remainder when 214 is divided by a.
4
Suppose 157575 = 2047*s - 86892 - 122864 - 13411. What is the remainder when s is divided by (-1 - -65) + (-1 - 0)?
60
Let u(d) = 291*d**2 + 12*d - 10. What is the remainder when u(1) is divided by 75?
68
Let w(o) = 53*o + 1606. What is the remainder when w(27) is divided by 152?
149
Suppose 12 = 3*d + 3*j - 7*j, 4*d - 16 = -2*j. What is the remainder when d/(-14) - (-4680)/210 is divided by 1?
0
Let m = 18341 - 17269. Calculate the remainder when m is divided by 213.
7
Let b(z) = -428*z - 2308. Calculate the remainder when b(-10) is divided by 14.
12
Suppose 282*t = 286*t - 48. Let p(x) = -x**3 + 12*x**2 + 8*x - 60. Calculate the remainder when